{"id":161,"date":"2025-08-03T13:04:18","date_gmt":"2025-08-03T13:04:18","guid":{"rendered":"https:\/\/bruchsal-baeren.de\/?page_id=161"},"modified":"2025-10-23T22:01:34","modified_gmt":"2025-10-23T22:01:34","slug":"berichte","status":"publish","type":"page","link":"https:\/\/bruchsal-baeren.de\/?page_id=161","title":{"rendered":"Aktuelles"},"content":{"rendered":"\n<p>Hier werden wir zuk\u00fcnftig Berichte \u00fcber unsere Aktivit\u00e4ten usw. ver\u00f6ffentlichen.<\/p>\n\n\n\n<h2 class=\"wp-block-heading\">Der \u201eB\u00e4ren\u201c \u2013 Ein Haus mit Geschichte und Zukunft<\/h2>\n\n\n\n<p>Die B\u00fcrgerinitiative\u00a0<strong>\u201eB\u00e4ren Bruchsal\u201c<\/strong>\u00a0bedankt sich herzlich f\u00fcr das rasche Gespr\u00e4ch mit dem Oberb\u00fcrgermeister Sven Weigt und insbesondere daf\u00fcr, dass das Thema\u00a0<em>\u201eB\u00e4ren\u201c<\/em>\u00a0sowohl in der Antrittsrede als auch in der Haushaltsdebatte Erw\u00e4hnung fand.<br>Wir werten dies als deutliches Zeichen, dass der Oberb\u00fcrgermeister die Zukunft des traditionsreichen Geb\u00e4udes zur Chefsache machen m\u00f6chte. Unser Appell lautet daher:<br><strong>Herr Weigt, \u00fcbernehmen Sie!<\/strong><br>Nur unter einer klaren kommunalen F\u00fchrung kann das Land dazu bewegt werden, in dieser Angelegenheit Bewegung zu zeigen \u2013 wie auch der bisherige Briefwechsel mit der SSG verdeutlicht.<\/p>\n\n\n\n<h3 class=\"wp-block-heading\">Unser zentrales Anliegen: Der \u201eB\u00e4ren\u201c muss in st\u00e4dtisches Eigentum<\/h3>\n\n\n\n<p>Nach unseren Recherchen ging das Geb\u00e4ude vermutlich um 1920 in den Besitz der Justizverwaltung des Landes \u00fcber. Wir pr\u00fcfen derzeit die genauen Hintergr\u00fcnde. Unser Ziel ist klar:<br>Der \u201eB\u00e4ren\u201c geh\u00f6rt in st\u00e4dtische Hand, um ihn langfristig f\u00fcr die B\u00fcrgerinnen und B\u00fcrger Bruchsals zu sichern.<\/p>\n\n\n\n<h3 class=\"wp-block-heading\">Gemeinsam ein neues Kapitel schreiben<\/h3>\n\n\n\n<p>Wir m\u00f6chten aktiv an einer neuen Nutzungskonzeption mitwirken und Menschen aus der Stadtgesellschaft f\u00fcr ein dauerhaftes Engagement gewinnen.<br>Ein wichtiger n\u00e4chster Schritt ist f\u00fcr uns eine&nbsp;<strong>Ortsbesichtigung<\/strong>&nbsp;\u2013 auch f\u00fcr Vertreterinnen und Vertreter der B\u00fcrgerinitiative sowie der Petenten. Der bisherige Schriftwechsel mit der SSG zu diesem Thema war leider wenig konstruktiv, weshalb wir hier auf Unterst\u00fctzung seitens der Stadt hoffen.<\/p>\n\n\n\n<h3 class=\"wp-block-heading\">Unsere Ideen f\u00fcr die Zukunft des \u201eB\u00e4ren\u201c<\/h3>\n\n\n\n<ul class=\"wp-block-list\">\n<li><strong>B\u00fcrgerschaftliche Stiftung oder gemeinn\u00fctziger Tr\u00e4ger:<\/strong><br>Der \u201eB\u00e4ren\u201c soll von einer Stiftung oder einem gemeinn\u00fctzigen Verein getragen werden. Der\u00a0<strong>F\u00f6rderverein Demokratiegeschichte Bruchsal e.V.<\/strong>\u00a0ist bereit, die Initiative zun\u00e4chst zu starten und gegebenenfalls langfristig zu \u00fcbernehmen.<\/li>\n\n\n\n<li><strong>Kulturelles Zentrum mit Geschichte:<\/strong><br>Aufbauend auf der historischen Bedeutung des Hauses \u2013 dem ehemaligen\u00a0<em>Hetterich\u2019schen Bierhaus<\/em>\u00a0\u2013 m\u00f6chten wir einen Ort schaffen, an dem Geschichte lebendig wird. Hier k\u00f6nnten kulturelle und historische Veranstaltungen stattfinden, organisiert oder koordiniert durch unseren Verein.<\/li>\n\n\n\n<li><strong>Teil der Route der Demokratiegeschichte:<\/strong><br>Der \u201eB\u00e4ren\u201c soll in den geplanten Stadtrundgang\u00a0<em>\u201eDemokratiegeschichte Bruchsal\u201c<\/em>\u00a0eingebunden werden. Damit w\u00e4re er auch Teil der bundesweiten\u00a0<em>\u201eRoute der Demokratiegeschichte\u201c<\/em>, organisiert von der Arbeitsgemeinschaft der Orte der Demokratiegeschichte. \u00dcber die zugeh\u00f6rige Bundesstiftung k\u00f6nnten zudem F\u00f6rdermittel f\u00fcr Sanierung und historische Ausgestaltung beantragt werden.<\/li>\n<\/ul>\n\n\n\n<h3 class=\"wp-block-heading\">Ein Ort des Dialogs und der Begegnung<\/h3>\n\n\n\n<p>Bereits jetzt planen wir,&nbsp;<strong>monatlich \u00f6ffentliche Veranstaltungen<\/strong>&nbsp;im Zeichen der Demokratiegeschichte durchzuf\u00fchren \u2013 mit Diskussionen zum weiteren Vorgehen, aber auch mit historischen Lesungen und Vortr\u00e4gen.<\/p>\n\n\n\n<figure class=\"wp-block-image size-large\"><img loading=\"lazy\" decoding=\"async\" width=\"1024\" height=\"768\" src=\"http:\/\/bruchsal-baeren.de\/wp-content\/uploads\/2025\/10\/89BB20CB-1373-4D9A-AE2F-6E58B6DDF88C-1024x768.jpeg\" alt=\"\" class=\"wp-image-349\" srcset=\"https:\/\/bruchsal-baeren.de\/wp-content\/uploads\/2025\/10\/89BB20CB-1373-4D9A-AE2F-6E58B6DDF88C-1024x768.jpeg 1024w, https:\/\/bruchsal-baeren.de\/wp-content\/uploads\/2025\/10\/89BB20CB-1373-4D9A-AE2F-6E58B6DDF88C-300x225.jpeg 300w, https:\/\/bruchsal-baeren.de\/wp-content\/uploads\/2025\/10\/89BB20CB-1373-4D9A-AE2F-6E58B6DDF88C-150x113.jpeg 150w, https:\/\/bruchsal-baeren.de\/wp-content\/uploads\/2025\/10\/89BB20CB-1373-4D9A-AE2F-6E58B6DDF88C-2000x1500.jpeg 2000w\" sizes=\"auto, (max-width: 1024px) 100vw, 1024px\" \/><\/figure>\n\n\n\n<p>(v.l.n.r) Sven Weigt, Rainer Kaufmann, Birgit Welge, R\u00fcdiger Lupp, Sonja Zeh <br><\/p>\n\n\n\n<p><strong>Stellungnahme des Sprecherrates der B\u00fcrgerinitiative zu einem Bericht der Bruchsaler Rundschau vom 26. September:<\/strong><\/p>\n\n\n\n<p>Die B\u00fcrgerinitiative <strong>\u201eBruchsal<em>B\u00e4ren<\/em>Stark\u201c<\/strong> pocht erneut darauf, die ehemalige, renommierte Bruchsaler Gastst\u00e4tte am Damianstor schnellstm\u00f6glich wieder zu beleben. Die j\u00fcngsten Aussagen des Dehoga-Verantwortlichen im Landkreis, welche k\u00fcrzlich in einem Bericht der Bruchsaler Rundschau standen, stellen sich v\u00f6llig entgegen unser Vorhaben. Sie lassen jegliches Engagement mit Mut f\u00fcr die Wiederbelebung dieser Gastronomie am Stadteingang vermissen. Und das von einem, wie man meinen k\u00f6nnte, besten Kenner der Szene, der etwas mehr Herzblut f\u00fcr das Hochhalten der Gastroszene in einem beachteten Mittelzentrum wie Bruchsal an den Tag legen k\u00f6nnte. Zudem m\u00fcssen die von Herrn Hochhaus, dem ehemaligen Wallhall-Wirt, aufgef\u00fchrten Gastro-Alternativen hinterfragt werden: In seiner Aufz\u00e4hlung fehlte nicht nur zum Beispiel das exklusive Lago am Golfplatz. Er nannte Lokale, welche sich gar nicht in der Kernstadt befinden, eines in B\u00fcchenau und das andere liegt gar in der Nachbargemeinde Forst. Zudem ist die Aussage, den B\u00e4ren h\u00e4tten eh nur Senioren besucht, gegen\u00fcber diesem sehr aktiven und kaufkr\u00e4ftigen Teil unserer Gesellschaft ziemlich respektlos. Man nennt sie normalerweise die Best-Ager. Eine Zielgruppe, die im Leben angekommen ist, selbst\u00e4ndig ist und Wert auf Lebensqualit\u00e4t legt. Und in unserem Fall, die eine gute b\u00fcrgerliche K\u00fcche noch zu sch\u00e4tzen wei\u00df, die sich in einem qualitativ hochwertigen Gasthaus zu gesellschaftlichen Treffen einfinden will, sei es zu Geburtstagen, Klassentreffen, Gesch\u00e4ftsessen. Marketing-Experten legen nicht umsonst zunehmend den Fokus auf diese Zielgruppe ab 50 Jahren. Die Chance, den B\u00e4ren wieder zum Aush\u00e4ngeschild zu machen, m\u00fcssen wir beherzt und ideenreich ergreifen. Alle m\u00fcssen dabei an einem Strang ziehen, die entsprechenden Landesstellen, die Stadt und auch die B\u00fcrgerinnen und B\u00fcrger der Stadt. Nicht zu vergessen ist die einstige Strahlkraft des B\u00e4ren f\u00fcr Besucher in der Region. Und da m\u00fcssen wir wieder hin. Au\u00dferdem: Der B\u00e4ren war ehedem das \u201eHetterich`sche\u201c Bierhaus und in den Revolutionsjahren 1848\/49 ein wichtiger Treffpunkt der b\u00fcrgerlichen Volksvereine von Bruchsal, der Vork\u00e4mpfer unserer heutigen Demokratie. Dieser wichtige Teil der Stadtgeschichte darf nicht vergessen werden und muss in einem k\u00fcnftigen Nutzungskonzept eine besondere Rolle spielen. Gerade mit diesen Zusammenh\u00e4ngen sehen wir im \u201eB\u00e4ren-Hetterich`sches Bierhaus\u201c auch einen wichtigen Aspekt f\u00fcr das k\u00fcnftige Stadtmarketing und den Tourismus im Rahmen des bundesweiten Tourismuskonzeptes \u201eOrte der Demokratiegeschichte\u201c.<\/p>\n\n\n\n<p>gez.<\/p>\n\n\n\n<p>Dr. J\u00fcrgen Dick&nbsp;&nbsp;&nbsp; Rainer Kaufmann&nbsp;&nbsp;&nbsp; Ullrich Klumpp&nbsp;&nbsp;&nbsp; R\u00fcdiger Lupp&nbsp;&nbsp;&nbsp; Sonja Zeh&nbsp;&nbsp;&nbsp;<\/p>\n\n\n\n<p><\/p>\n\n\n\n<p><\/p>\n\n\n\n<p><\/p>\n\n\n\n<p><strong><strong>\u201eWir wollen den B\u00e4ren wach k\u00fcssen\u201c \u2013 \u201eBruchsal soll seine gute Stube zur\u00fcckbekommen\u201c<\/strong><\/strong><br><\/p>\n\n\n\n<p>Diese beiden S\u00e4tze stammen aus einem Artikel der Bruchsaler Rundschau vom 6. September. Sie sind Zitate der Gesch\u00e4ftsf\u00fchrerin der<em> \u201e<a href=\"https:\/\/www.schloesser-und-gaerten.de\/\">Schl\u00f6sser und G\u00e4rten Baden-W\u00fcrttemberg (SSG)<\/a><\/em>\u201c, Patricia Alberth, in deren Zust\u00e4ndigkeit das Bruchsaler Traditionsgasthaus&nbsp;<em>\u201eZum B\u00e4ren\u201c<\/em>&nbsp;geh\u00f6rt.<\/p>\n\n\n\n<p>Nach jahrelangem Gerangel hinter den Verwaltungskulissen hat das Land Baden-W\u00fcrttemberg damit erfreulich schnell auf die Petition reagiert, die von unserer B\u00fcrgerinitiative \u201eBruchsal&nbsp;<strong><em>B\u00e4ren<\/em><\/strong>&nbsp;Stark\u201c k\u00fcrzlich eingereicht wurde. Ein Erfolg, den die Bruchsaler Rundschau dann so kommentierte:<\/p>\n\n\n\n<p><em>\u201eEine B\u00fcrgerinitiative hat sich gegr\u00fcndet, viele bekannte Bruchsaler Pers\u00f6nlichkeiten z\u00e4hlen zu den Unterst\u00fctzern. Ob sie wohl den gordischen Knoten zerschlagen k\u00f6nnen und das Gasthaus irgendwann wieder seine T\u00fcren \u00f6ffnet? Wir werden sehen. Eines hat die Gruppe mit ihrer Petition geschafft: Das Finanzministerium muss jetzt nochmals ganz genau hinschauen, wie es beim B\u00e4ren weitergeht.\u201c<br>Und vielleicht gelingt es dann im n\u00e4chsten Schritt auch, alle Akteure an einen Tisch zu bekommen. Offenbar wollen ja alle den B\u00e4ren retten, das ist ja schon einmal das Wichtigste. Und wenn dann gemeinsam doch noch der gro\u00dfe Coup gelingen sollte, umso besser.\u201c<\/em><\/p>\n\n\n\n<p>Klarer kann man nicht formulieren, was wir als B\u00fcrgerinitiative mit unserer Petition erreicht haben: Stadt und Land stehen jetzt in der Pflicht, das b\u00fcrgerschaftliche Engagement unserer Initiative, die zusammen mit dem F\u00f6rderverein&nbsp;<em>\u201eDemokratiegeschichte Bruchsal\u201c<\/em>gestartet wurde, ernst zu nehmen und gemeinsam nach einer wirtschaftlich tragbaren L\u00f6sung f\u00fcr den Fortbestand des B\u00e4ren, der als&nbsp;<em>\u201eHetterich`sches Bierhaus\u201c<\/em>&nbsp;in den Jahren 1848\/49 im Zentrum einer der wichtigsten demokratischen Erhebungen unserer Lokal-Geschichte stand, zu suchen. Die B\u00fcrgerinitiative wie auch der F\u00f6rderverein stehen zur Zusammenarbeit mit den Beh\u00f6rden bereit und werden schon in K\u00fcrze zu einem ersten gro\u00dfen \u00f6ffentlichen Diskussions- und Informationsabend alle beteiligten Institutionen und die Bruchsaler Stadtbev\u00f6lkerung einladen.<\/p>\n\n\n\n<p>J\u00fcrgen Dick \u2013 Rainer Kaufmann \u2013 R\u00fcdiger Lupp \u2013 Ulrich Klumpp \u2013 Sonja Zeh<br><\/p>\n\n\n\n<p><strong>Besuch im B\u00fcrgerhaus Rheinsheim<\/strong> <\/p>\n\n\n\n<p>Im September 2022 schloss das \u201eGasthaus zum B\u00e4ren\u201c seine T\u00fcre. Diese einst beliebte Gastst\u00e4tte in Schlossn\u00e4he wieder zu&nbsp;er\u00f6ffnen in einem historischen Kontext&nbsp;\u2013 das ist das Ziel unserer B\u00fcrgerinitiative. Wie kann das gelingen? Das ist die gro\u00dfe Frage.&nbsp;Das Einreichen unserer Petition beim Landtag war der erste Schritt. Zeitgleich arbeiten wir an einem Konzept zur Wiederbelebung des B\u00e4ren. Wir wollen dabei m\u00f6glichst viele Experten miteinbinden&nbsp;und setzen auf deren fachlichen Rat, Unterst\u00fctzung&nbsp;und&nbsp;Ideenreichtum. Unterst\u00fctzer in dieser Hinsicht sind uns gerne willkommen!<\/p>\n\n\n\n<p>Es gilt jetzt,&nbsp;m\u00f6glichst viele Erkenntnisse&nbsp;zu&nbsp;sammeln&nbsp;und&nbsp;zu bewerten. Das Ziel ist klar: Wir wollen den B\u00e4ren als Gastst\u00e4tte zur\u00fcck. Das geschieht&nbsp;aber&nbsp;nicht von heute auf morgen.&nbsp;Ganz \u00e4hnliche Projekte in der Region&nbsp;machen uns Mut, dass wir in Bruchsal den B\u00e4ren wieder&nbsp;\u201eflottkriegen\u201c k\u00f6nnen. Vor kurzem ist&nbsp;daher&nbsp;eine kleine Gruppe der B\u00fcrgerinitiative nach Philippsburg-Rheinsheim&nbsp;gefahren, um sich das dortige&nbsp;B\u00fcrgerhaus&nbsp;anzuschauen.&nbsp;Das <a href=\"https:\/\/www.buergerhausloewen.de\/\">B\u00fcrgerhaus<\/a> ist das Ergebnis der Arbeit eines&nbsp;F\u00f6rdervereins, der sich&nbsp;gegr\u00fcndet&nbsp;hatte, um das historische \u201eGasthaus zum L\u00f6wen\u201c in Rheinsheim zu erhalten und zu pflegen.&nbsp;Wir wurden sehr freundlich begr\u00fc\u00dft von den F\u00f6rdervereinsmitgliedern Jasmine Kirschner, Hans-Gerd Coenen und Alexander Kirschner, die uns ihr Projekt anschaulich vorstellten.&nbsp;Heute bietet das&nbsp;viel in Eigenleistung sanierte&nbsp;B\u00fcrgerhaus eine Gastst\u00e4tte, ein Dorfladen sowie ein kleines Hotel mit 14 Zimmer. Der Betrieb l\u00e4uft in ehrenamtlicher T\u00e4tigkeit. Aus Eigenmitteln, \u00f6ffentlichen Zusch\u00fcssen und Darlehensfinanzierungen hat die Genossenschaft eG ein Finanzierungskonzept f\u00fcr das Projekt B\u00fcrgerhaus L\u00f6wen entwickelt. Die&nbsp;Genossenschaft hat das Ziel,&nbsp;das Rheinsheimer Kulturgut zu erhalten und zudem den Einwohnern ein Kommunikationszentrum f\u00fcr verschiedene Gruppen zu bieten.&nbsp;<\/p>\n\n\n\n<figure class=\"wp-block-gallery has-nested-images columns-default is-cropped wp-block-gallery-1 is-layout-flex wp-block-gallery-is-layout-flex\">\n<figure class=\"wp-block-image size-large\"><img loading=\"lazy\" decoding=\"async\" width=\"1024\" height=\"473\" data-id=\"256\" src=\"https:\/\/bruchsal-baeren.de\/wp-content\/uploads\/2025\/08\/00657D63-5A7A-40AF-824A-9C9320C9B6A5-1024x473.jpeg\" alt=\"\" class=\"wp-image-256\" srcset=\"https:\/\/bruchsal-baeren.de\/wp-content\/uploads\/2025\/08\/00657D63-5A7A-40AF-824A-9C9320C9B6A5-1024x473.jpeg 1024w, https:\/\/bruchsal-baeren.de\/wp-content\/uploads\/2025\/08\/00657D63-5A7A-40AF-824A-9C9320C9B6A5-300x139.jpeg 300w, https:\/\/bruchsal-baeren.de\/wp-content\/uploads\/2025\/08\/00657D63-5A7A-40AF-824A-9C9320C9B6A5-150x69.jpeg 150w, https:\/\/bruchsal-baeren.de\/wp-content\/uploads\/2025\/08\/00657D63-5A7A-40AF-824A-9C9320C9B6A5-2000x924.jpeg 2000w\" sizes=\"auto, (max-width: 1024px) 100vw, 1024px\" \/><\/figure>\n\n\n\n<figure class=\"wp-block-image size-large\"><img loading=\"lazy\" decoding=\"async\" width=\"1024\" height=\"473\" data-id=\"254\" src=\"https:\/\/bruchsal-baeren.de\/wp-content\/uploads\/2025\/08\/F6B9F1D8-13FF-4AF3-873A-F6AB6F58E688-1024x473.jpeg\" alt=\"\" class=\"wp-image-254\" srcset=\"https:\/\/bruchsal-baeren.de\/wp-content\/uploads\/2025\/08\/F6B9F1D8-13FF-4AF3-873A-F6AB6F58E688-1024x473.jpeg 1024w, https:\/\/bruchsal-baeren.de\/wp-content\/uploads\/2025\/08\/F6B9F1D8-13FF-4AF3-873A-F6AB6F58E688-300x139.jpeg 300w, https:\/\/bruchsal-baeren.de\/wp-content\/uploads\/2025\/08\/F6B9F1D8-13FF-4AF3-873A-F6AB6F58E688-150x69.jpeg 150w, https:\/\/bruchsal-baeren.de\/wp-content\/uploads\/2025\/08\/F6B9F1D8-13FF-4AF3-873A-F6AB6F58E688-2000x924.jpeg 2000w\" sizes=\"auto, (max-width: 1024px) 100vw, 1024px\" \/><\/figure>\n\n\n\n<figure class=\"wp-block-image size-large\"><img loading=\"lazy\" decoding=\"async\" width=\"1024\" height=\"473\" data-id=\"255\" src=\"https:\/\/bruchsal-baeren.de\/wp-content\/uploads\/2025\/08\/760E6683-539A-43EA-A17E-A0F25792BE03-1024x473.jpeg\" alt=\"\" class=\"wp-image-255\" srcset=\"https:\/\/bruchsal-baeren.de\/wp-content\/uploads\/2025\/08\/760E6683-539A-43EA-A17E-A0F25792BE03-1024x473.jpeg 1024w, https:\/\/bruchsal-baeren.de\/wp-content\/uploads\/2025\/08\/760E6683-539A-43EA-A17E-A0F25792BE03-300x139.jpeg 300w, https:\/\/bruchsal-baeren.de\/wp-content\/uploads\/2025\/08\/760E6683-539A-43EA-A17E-A0F25792BE03-150x69.jpeg 150w, https:\/\/bruchsal-baeren.de\/wp-content\/uploads\/2025\/08\/760E6683-539A-43EA-A17E-A0F25792BE03-2000x924.jpeg 2000w\" sizes=\"auto, (max-width: 1024px) 100vw, 1024px\" \/><\/figure>\n\n\n\n<figure class=\"wp-block-image size-large\"><img loading=\"lazy\" decoding=\"async\" width=\"1024\" height=\"472\" data-id=\"252\" src=\"https:\/\/bruchsal-baeren.de\/wp-content\/uploads\/2025\/08\/61DAC3D4-405B-4351-9319-9EF92D814C36-1024x472.jpeg\" alt=\"\" class=\"wp-image-252\" srcset=\"https:\/\/bruchsal-baeren.de\/wp-content\/uploads\/2025\/08\/61DAC3D4-405B-4351-9319-9EF92D814C36-1024x472.jpeg 1024w, https:\/\/bruchsal-baeren.de\/wp-content\/uploads\/2025\/08\/61DAC3D4-405B-4351-9319-9EF92D814C36-300x138.jpeg 300w, https:\/\/bruchsal-baeren.de\/wp-content\/uploads\/2025\/08\/61DAC3D4-405B-4351-9319-9EF92D814C36-150x69.jpeg 150w, https:\/\/bruchsal-baeren.de\/wp-content\/uploads\/2025\/08\/61DAC3D4-405B-4351-9319-9EF92D814C36-2000x922.jpeg 2000w\" sizes=\"auto, (max-width: 1024px) 100vw, 1024px\" \/><\/figure>\n\n\n\n<figure class=\"wp-block-image size-large\"><img loading=\"lazy\" decoding=\"async\" width=\"1024\" height=\"472\" data-id=\"253\" src=\"https:\/\/bruchsal-baeren.de\/wp-content\/uploads\/2025\/08\/74F2FA93-7768-4775-AF1F-F33B7A295FF8-1024x472.jpeg\" alt=\"\" class=\"wp-image-253\" srcset=\"https:\/\/bruchsal-baeren.de\/wp-content\/uploads\/2025\/08\/74F2FA93-7768-4775-AF1F-F33B7A295FF8-1024x472.jpeg 1024w, https:\/\/bruchsal-baeren.de\/wp-content\/uploads\/2025\/08\/74F2FA93-7768-4775-AF1F-F33B7A295FF8-300x138.jpeg 300w, https:\/\/bruchsal-baeren.de\/wp-content\/uploads\/2025\/08\/74F2FA93-7768-4775-AF1F-F33B7A295FF8-150x69.jpeg 150w, https:\/\/bruchsal-baeren.de\/wp-content\/uploads\/2025\/08\/74F2FA93-7768-4775-AF1F-F33B7A295FF8-2000x922.jpeg 2000w\" sizes=\"auto, (max-width: 1024px) 100vw, 1024px\" \/><\/figure>\n<\/figure>\n\n\n\n<p>Autorin: Sonja Zeh; Bilder: Sonja Zeh<\/p>\n\n\n\n<p><\/p>\n\n\n\n<p><\/p>\n\n\n\n<p><\/p>\n\n\n\n<p><\/p>\n\n\n\n<p><strong>Besuch in der Zehntscheuer in Karlsdorf<\/strong><\/p>\n\n\n\n<p>Auch die <a href=\"https:\/\/zehntscheuer1737.de\/\">Zehntscheuer<\/a> in Karlsdorf&nbsp;aus dem Jahre 1737 hat als Kulturdenkmal einen Namen in unserer Region. Nach jahrelanger, gemeinschaftlicher Arbeit von B\u00fcrgern wurde diese im Mai 2023 als St\u00e4tte f\u00fcr Begegnung, Kunst und Kultur wiederer\u00f6ffnet. Der Sprecherrat der B\u00e4ren-B\u00fcrgerinitiative erhielt&nbsp;im August&nbsp;durch Sven Weigt, Noch-B\u00fcrgermeister von Karlsdorf-Neuthard und k\u00fcnftiger Oberb\u00fcrgermeister von Bruchsal eine exklusive F\u00fchrung in der Zehntscheuer.<\/p>\n\n\n\n<p>Diese Beispiele zeigen uns: Vieles ist machbar, wenn sich interessierte Personen mit Herz, Leidenschaft, Sachverstand und Tatkraft f\u00fcr eine Sache, die vielen zugutekommen soll, einbringen.&nbsp;<br><\/p>\n\n\n\n<figure class=\"wp-block-gallery has-nested-images columns-default is-cropped wp-block-gallery-2 is-layout-flex wp-block-gallery-is-layout-flex\">\n<figure class=\"wp-block-image size-large\"><img loading=\"lazy\" decoding=\"async\" width=\"768\" height=\"1024\" data-id=\"268\" src=\"https:\/\/bruchsal-baeren.de\/wp-content\/uploads\/2025\/08\/71CBAD0D-7F6E-4856-86A0-7D10A4788B40-768x1024.jpeg\" alt=\"\" class=\"wp-image-268\" srcset=\"https:\/\/bruchsal-baeren.de\/wp-content\/uploads\/2025\/08\/71CBAD0D-7F6E-4856-86A0-7D10A4788B40-768x1024.jpeg 768w, https:\/\/bruchsal-baeren.de\/wp-content\/uploads\/2025\/08\/71CBAD0D-7F6E-4856-86A0-7D10A4788B40-225x300.jpeg 225w, https:\/\/bruchsal-baeren.de\/wp-content\/uploads\/2025\/08\/71CBAD0D-7F6E-4856-86A0-7D10A4788B40-113x150.jpeg 113w, https:\/\/bruchsal-baeren.de\/wp-content\/uploads\/2025\/08\/71CBAD0D-7F6E-4856-86A0-7D10A4788B40-2000x2667.jpeg 2000w, https:\/\/bruchsal-baeren.de\/wp-content\/uploads\/2025\/08\/71CBAD0D-7F6E-4856-86A0-7D10A4788B40-scaled.jpeg 1920w\" sizes=\"auto, (max-width: 768px) 100vw, 768px\" \/><\/figure>\n\n\n\n<figure class=\"wp-block-image size-large\"><img loading=\"lazy\" decoding=\"async\" width=\"768\" height=\"1024\" data-id=\"264\" src=\"https:\/\/bruchsal-baeren.de\/wp-content\/uploads\/2025\/08\/9F0956F7-E0FA-4725-ADFC-86493F86A9E2-768x1024.jpeg\" alt=\"\" class=\"wp-image-264\" srcset=\"https:\/\/bruchsal-baeren.de\/wp-content\/uploads\/2025\/08\/9F0956F7-E0FA-4725-ADFC-86493F86A9E2-768x1024.jpeg 768w, https:\/\/bruchsal-baeren.de\/wp-content\/uploads\/2025\/08\/9F0956F7-E0FA-4725-ADFC-86493F86A9E2-225x300.jpeg 225w, https:\/\/bruchsal-baeren.de\/wp-content\/uploads\/2025\/08\/9F0956F7-E0FA-4725-ADFC-86493F86A9E2-113x150.jpeg 113w, https:\/\/bruchsal-baeren.de\/wp-content\/uploads\/2025\/08\/9F0956F7-E0FA-4725-ADFC-86493F86A9E2-2000x2667.jpeg 2000w, https:\/\/bruchsal-baeren.de\/wp-content\/uploads\/2025\/08\/9F0956F7-E0FA-4725-ADFC-86493F86A9E2-scaled.jpeg 1920w\" sizes=\"auto, (max-width: 768px) 100vw, 768px\" \/><\/figure>\n\n\n\n<figure class=\"wp-block-image size-large\"><img loading=\"lazy\" decoding=\"async\" width=\"768\" height=\"1024\" data-id=\"265\" src=\"https:\/\/bruchsal-baeren.de\/wp-content\/uploads\/2025\/08\/3D6EB263-117C-4C5A-B1DC-EC29BCE5180C-768x1024.jpeg\" alt=\"\" class=\"wp-image-265\" srcset=\"https:\/\/bruchsal-baeren.de\/wp-content\/uploads\/2025\/08\/3D6EB263-117C-4C5A-B1DC-EC29BCE5180C-768x1024.jpeg 768w, https:\/\/bruchsal-baeren.de\/wp-content\/uploads\/2025\/08\/3D6EB263-117C-4C5A-B1DC-EC29BCE5180C-225x300.jpeg 225w, https:\/\/bruchsal-baeren.de\/wp-content\/uploads\/2025\/08\/3D6EB263-117C-4C5A-B1DC-EC29BCE5180C-113x150.jpeg 113w, https:\/\/bruchsal-baeren.de\/wp-content\/uploads\/2025\/08\/3D6EB263-117C-4C5A-B1DC-EC29BCE5180C-2000x2667.jpeg 2000w, https:\/\/bruchsal-baeren.de\/wp-content\/uploads\/2025\/08\/3D6EB263-117C-4C5A-B1DC-EC29BCE5180C-scaled.jpeg 1920w\" sizes=\"auto, (max-width: 768px) 100vw, 768px\" \/><\/figure>\n\n\n\n<figure class=\"wp-block-image size-large\"><img loading=\"lazy\" decoding=\"async\" width=\"768\" height=\"1024\" data-id=\"267\" src=\"https:\/\/bruchsal-baeren.de\/wp-content\/uploads\/2025\/08\/06FB5151-B8CA-43C7-9632-2EF72DBC0B57-768x1024.jpeg\" alt=\"\" class=\"wp-image-267\" srcset=\"https:\/\/bruchsal-baeren.de\/wp-content\/uploads\/2025\/08\/06FB5151-B8CA-43C7-9632-2EF72DBC0B57-768x1024.jpeg 768w, https:\/\/bruchsal-baeren.de\/wp-content\/uploads\/2025\/08\/06FB5151-B8CA-43C7-9632-2EF72DBC0B57-225x300.jpeg 225w, https:\/\/bruchsal-baeren.de\/wp-content\/uploads\/2025\/08\/06FB5151-B8CA-43C7-9632-2EF72DBC0B57-113x150.jpeg 113w, https:\/\/bruchsal-baeren.de\/wp-content\/uploads\/2025\/08\/06FB5151-B8CA-43C7-9632-2EF72DBC0B57-2000x2667.jpeg 2000w, https:\/\/bruchsal-baeren.de\/wp-content\/uploads\/2025\/08\/06FB5151-B8CA-43C7-9632-2EF72DBC0B57-scaled.jpeg 1920w\" sizes=\"auto, (max-width: 768px) 100vw, 768px\" \/><\/figure>\n\n\n\n<figure class=\"wp-block-image size-large\"><img loading=\"lazy\" decoding=\"async\" width=\"768\" height=\"1024\" data-id=\"266\" src=\"https:\/\/bruchsal-baeren.de\/wp-content\/uploads\/2025\/08\/A9B153C5-5395-4F70-877C-61DCD07F974D-768x1024.jpeg\" alt=\"\" class=\"wp-image-266\" srcset=\"https:\/\/bruchsal-baeren.de\/wp-content\/uploads\/2025\/08\/A9B153C5-5395-4F70-877C-61DCD07F974D-768x1024.jpeg 768w, https:\/\/bruchsal-baeren.de\/wp-content\/uploads\/2025\/08\/A9B153C5-5395-4F70-877C-61DCD07F974D-225x300.jpeg 225w, https:\/\/bruchsal-baeren.de\/wp-content\/uploads\/2025\/08\/A9B153C5-5395-4F70-877C-61DCD07F974D-113x150.jpeg 113w, https:\/\/bruchsal-baeren.de\/wp-content\/uploads\/2025\/08\/A9B153C5-5395-4F70-877C-61DCD07F974D-2000x2667.jpeg 2000w, https:\/\/bruchsal-baeren.de\/wp-content\/uploads\/2025\/08\/A9B153C5-5395-4F70-877C-61DCD07F974D-scaled.jpeg 1920w\" sizes=\"auto, (max-width: 768px) 100vw, 768px\" \/><\/figure>\n<\/figure>\n\n\n\n<p>Autorin: Sonja Zeh; Bilder: R\u00fcdiger Lupp<\/p>\n","protected":false},"excerpt":{"rendered":"<p>Hier werden wir zuk\u00fcnftig Berichte \u00fcber unsere Aktivit\u00e4ten usw. ver\u00f6ffentlichen. Der \u201eB\u00e4ren\u201c \u2013 Ein Haus mit Geschichte und Zukunft Die B\u00fcrgerinitiative\u00a0\u201eB\u00e4ren Bruchsal\u201c\u00a0bedankt sich herzlich f\u00fcr das rasche Gespr\u00e4ch mit dem Oberb\u00fcrgermeister Sven Weigt und insbesondere daf\u00fcr, dass das Thema\u00a0\u201eB\u00e4ren\u201c\u00a0sowohl in der Antrittsrede als auch in der Haushaltsdebatte Erw\u00e4hnung fand.Wir werten dies als deutliches Zeichen, dass &hellip; <\/p>\n<p class=\"link-more\"><a href=\"https:\/\/bruchsal-baeren.de\/?page_id=161\" class=\"more-link\">Mehr <span class=\"screen-reader-text\">\u00fcber &#8222;Aktuelles&#8220; <\/span>Lesen<\/a><\/p>\n","protected":false},"author":1,"featured_media":0,"parent":0,"menu_order":0,"comment_status":"closed","ping_status":"closed","template":"","meta":{"inspiro_hide_title":false,"footnotes":""},"class_list":["post-161","page","type-page","status-publish","hentry"],"_links":{"self":[{"href":"https:\/\/bruchsal-baeren.de\/index.php?rest_route=\/wp\/v2\/pages\/161","targetHints":{"allow":["GET"]}}],"collection":[{"href":"https:\/\/bruchsal-baeren.de\/index.php?rest_route=\/wp\/v2\/pages"}],"about":[{"href":"https:\/\/bruchsal-baeren.de\/index.php?rest_route=\/wp\/v2\/types\/page"}],"author":[{"embeddable":true,"href":"https:\/\/bruchsal-baeren.de\/index.php?rest_route=\/wp\/v2\/users\/1"}],"replies":[{"embeddable":true,"href":"https:\/\/bruchsal-baeren.de\/index.php?rest_route=%2Fwp%2Fv2%2Fcomments&post=161"}],"version-history":[{"count":22,"href":"https:\/\/bruchsal-baeren.de\/index.php?rest_route=\/wp\/v2\/pages\/161\/revisions"}],"predecessor-version":[{"id":350,"href":"https:\/\/bruchsal-baeren.de\/index.php?rest_route=\/wp\/v2\/pages\/161\/revisions\/350"}],"wp:attachment":[{"href":"https:\/\/bruchsal-baeren.de\/index.php?rest_route=%2Fwp%2Fv2%2Fmedia&parent=161"}],"curies":[{"name":"wp","href":"https:\/\/api.w.org\/{rel}","templated":true}]}}