{"id":159,"date":"2025-08-03T13:03:27","date_gmt":"2025-08-03T13:03:27","guid":{"rendered":"https:\/\/bruchsal-baeren.de\/?page_id=159"},"modified":"2025-11-13T09:26:36","modified_gmt":"2025-11-13T09:26:36","slug":"termine","status":"publish","type":"page","link":"https:\/\/bruchsal-baeren.de\/?page_id=159","title":{"rendered":"Termine"},"content":{"rendered":"\n<p>Auf dieser Seite werden wir k\u00fcnftig alle anstehenden Termine ank\u00fcndigen. F\u00fcr den Herbst wollen wir ab Oktober mit einem monatlichen \u00f6ffentlichen Termin einsteigen, auf dem wir teilweise unsere Aktivit\u00e4ten und Pl\u00e4ne besprechen, andererseits aber auch das eine oder andere historisch-kulturelle Programm anbieten, das zur Geschichte des B\u00e4ren und der Demokratisierung Deutschlands passt. Wir treffen uns immer bei unserem Mitglied Ulrich Klumpp in dessen <a href=\"https:\/\/www.weingut-klumpp.com\/\">Weingut<\/a> an der <strong>Heidelberger Stra\u00dfe 100<\/strong>. Beginn der Veranstaltung jeweils<strong> 19:00 Uhr<\/strong>. Hier die ersten Termine:<\/p>\n\n\n\n<p><strong>28. Oktober<\/strong><\/p>\n\n\n\n<p>Power-Point-Pr\u00e4sentation \u00fcber einen Stadtrundgang &#8222;Demokratiegeschichte Bruchsal&#8220;, der nat\u00fcrlich am Hetterich`schen Bierhaus beginnt.<\/p>\n\n\n\n<p><strong>12. November<\/strong> <\/p>\n\n\n\n<p>Bericht zur Lage unserer Petition und anderer Aktivit\u00e4ten.<\/p>\n\n\n\n<p><strong>Weitere Termien im Fr\u00fchjahr 2026 werden rechtzeitig bekannt gegeben.<\/strong><\/p>\n\n\n\n<p><\/p>\n\n\n\n<p><br>Wer an diesen Veranstaltungen teilnehmen n\u00f6chte, kann sich gerne jetzt schon per Mail (<a href=\"mailto:info@bruchsal-baeren.de\">info@bruchsal-baeren.de<\/a>) anmelden, damit wir einen \u00dcberblick \u00fcber die Teilnehmerzahl haben.<br><\/p>\n\n\n\n<p><strong>Veranstaltungsort<\/strong>, wenn nicht anders angegeben: Weingut Klumpp, Bruchsal, Heidelberger Stra\u00dfe 100.<br><strong>Beginn:<\/strong> 19:00 Uhr, Einlass: 18:00 Uhr<\/p>\n","protected":false},"excerpt":{"rendered":"<p>Auf dieser Seite werden wir k\u00fcnftig alle anstehenden Termine ank\u00fcndigen. F\u00fcr den Herbst wollen wir ab Oktober mit einem monatlichen \u00f6ffentlichen Termin einsteigen, auf dem wir teilweise unsere Aktivit\u00e4ten und Pl\u00e4ne besprechen, andererseits aber auch das eine oder andere historisch-kulturelle Programm anbieten, das zur Geschichte des B\u00e4ren und der Demokratisierung Deutschlands passt. Wir treffen uns &hellip; <\/p>\n<p class=\"link-more\"><a href=\"https:\/\/bruchsal-baeren.de\/?page_id=159\" class=\"more-link\">Mehr <span class=\"screen-reader-text\">\u00fcber &#8222;Termine&#8220; <\/span>Lesen<\/a><\/p>\n","protected":false},"author":1,"featured_media":0,"parent":0,"menu_order":0,"comment_status":"closed","ping_status":"closed","template":"","meta":{"inspiro_hide_title":false,"footnotes":""},"class_list":["post-159","page","type-page","status-publish","hentry"],"_links":{"self":[{"href":"https:\/\/bruchsal-baeren.de\/index.php?rest_route=\/wp\/v2\/pages\/159","targetHints":{"allow":["GET"]}}],"collection":[{"href":"https:\/\/bruchsal-baeren.de\/index.php?rest_route=\/wp\/v2\/pages"}],"about":[{"href":"https:\/\/bruchsal-baeren.de\/index.php?rest_route=\/wp\/v2\/types\/page"}],"author":[{"embeddable":true,"href":"https:\/\/bruchsal-baeren.de\/index.php?rest_route=\/wp\/v2\/users\/1"}],"replies":[{"embeddable":true,"href":"https:\/\/bruchsal-baeren.de\/index.php?rest_route=%2Fwp%2Fv2%2Fcomments&post=159"}],"version-history":[{"count":10,"href":"https:\/\/bruchsal-baeren.de\/index.php?rest_route=\/wp\/v2\/pages\/159\/revisions"}],"predecessor-version":[{"id":381,"href":"https:\/\/bruchsal-baeren.de\/index.php?rest_route=\/wp\/v2\/pages\/159\/revisions\/381"}],"wp:attachment":[{"href":"https:\/\/bruchsal-baeren.de\/index.php?rest_route=%2Fwp%2Fv2%2Fmedia&parent=159"}],"curies":[{"name":"wp","href":"https:\/\/api.w.org\/{rel}","templated":true}]}}

<p>Auf dieser Seite werden wir künftig alle anstehenden Termine ankündigen. Für den Herbst wollen wir ab Oktober mit einem monatlichen öffentlichen Termin einsteigen, auf dem wir teilweise unsere Aktivitäten und Pläne besprechen, andererseits aber auch das eine oder andere historisch-kulturelle Programm anbieten, das zur Geschichte des Bären und der Demokratisierung Deutschlands passt. Wir treffen uns immer bei unserem Mitglied Ulrich Klumpp in dessen <a href="https://www.weingut-klumpp.com/">Weingut</a> an der <strong>Heidelberger Straße 100</strong>. Beginn der Veranstaltung jeweils<strong> 19:00 Uhr</strong>. Hier die ersten Termine:</p>



<p><strong>28. Oktober</strong></p>



<p>Power-Point-Präsentation über einen Stadtrundgang &#8222;Demokratiegeschichte Bruchsal&#8220;, der natürlich am Hetterich`schen Bierhaus beginnt.</p>



<p><strong>12. November</strong> </p>



<p>Bericht zur Lage unserer Petition und anderer Aktivitäten.</p>



<p><strong>Weitere Termien im Frühjahr 2026 werden rechtzeitig bekannt gegeben.</strong></p>



<p></p>



<p><br>Wer an diesen Veranstaltungen teilnehmen nöchte, kann sich gerne jetzt schon per Mail (<a href="mailto:info@bruchsal-baeren.de">info@bruchsal-baeren.de</a>) anmelden, damit wir einen Überblick über die Teilnehmerzahl haben.<br></p>



<p><strong>Veranstaltungsort</strong>, wenn nicht anders angegeben: Weingut Klumpp, Bruchsal, Heidelberger Straße 100.<br><strong>Beginn:</strong> 19:00 Uhr, Einlass: 18:00 Uhr</p>

<p>Auf dieser Seite werden wir künftig alle anstehenden Termine ankündigen. Für den Herbst wollen wir ab Oktober mit einem monatlichen öffentlichen Termin einsteigen, auf dem wir teilweise unsere Aktivitäten und Pläne besprechen, andererseits aber auch das eine oder andere historisch-kulturelle Programm anbieten, das zur Geschichte des Bären und der Demokratisierung Deutschlands passt. Wir treffen uns &hellip; </p>
<p class="link-more"><a href="https://bruchsal-baeren.de/?page_id=159" class="more-link">Mehr <span class="screen-reader-text">über &#8222;Termine&#8220; </span>Lesen</a></p>
